{"id":1108,"date":"2019-10-21T18:04:19","date_gmt":"2019-10-21T16:04:19","guid":{"rendered":"http:\/\/rkvw.ch\/site\/?page_id=1108"},"modified":"2020-03-03T14:02:56","modified_gmt":"2020-03-03T13:02:56","slug":"quartierbezogen","status":"publish","type":"page","link":"https:\/\/rkvw.ch\/site\/quartierbezogen\/","title":{"rendered":"quartierbezogen"},"content":{"rendered":"\n<style type=\"text\/css\" data-created_by=\"avia_inline_auto\" id=\"style-css-av-av_section-74bb3b511a23e71880ee1a6b631835f8\">\n.avia-section.av-av_section-74bb3b511a23e71880ee1a6b631835f8{\nbackground-repeat:no-repeat;\nbackground-image:url(https:\/\/rkvw.ch\/site\/wp-content\/uploads\/2020\/01\/Egg10-m-Ausschn2.jpg);\nbackground-position:50% 50%;\nbackground-attachment:scroll;\n}\n.avia-section.av-av_section-74bb3b511a23e71880ee1a6b631835f8 .av-section-color-overlay{\nopacity:0.2;\nbackground-color:#000000;\n}\n<\/style>\n<div id='av_section_1'  class='avia-section av-av_section-74bb3b511a23e71880ee1a6b631835f8 main_color avia-section-large avia-no-shadow  avia-builder-el-0  el_before_av_section  avia-builder-el-first  avia-full-stretch avia-bg-style-scroll av-section-color-overlay-active av-minimum-height av-minimum-height-custom av-height-custom  container_wrap fullsize'  data-section-bg-repeat='stretch' data-av_minimum_height_px='500'><div class=\"av-section-color-overlay-wrap\"><div class=\"av-section-color-overlay\"><\/div><div class='container av-section-cont-open' style='height:500px'><main  role=\"main\" itemprop=\"mainContentOfPage\"  class='template-page content  av-content-full alpha units'><div class='post-entry post-entry-type-page post-entry-1108'><div class='entry-content-wrapper clearfix'>\n<\/div><\/div><\/main><!-- close content main element --><\/div><\/div><\/div><div id='av_section_2'  class='avia-section av-av_section-b001219e74ae2461ab104eabac48a238 main_color avia-section-small avia-no-border-styling  avia-builder-el-1  el_after_av_section  avia-builder-el-last  avia-bg-style-fixed container_wrap fullsize'  ><div class='container av-section-cont-open' ><div class='template-page content  av-content-full alpha units'><div class='post-entry post-entry-type-page post-entry-1108'><div class='entry-content-wrapper clearfix'>\n<div class='flex_column_table av-av_one_fifth-5f3168a51d5fa576b4e7522cc28bd779 sc-av_one_fifth av-equal-height-column-flextable'>\n<style type=\"text\/css\" data-created_by=\"avia_inline_auto\" id=\"style-css-av-av_one_fifth-5f3168a51d5fa576b4e7522cc28bd779\">\n#top .flex_column_table.av-equal-height-column-flextable.av-av_one_fifth-5f3168a51d5fa576b4e7522cc28bd779{\nmargin-top:-60px;\nmargin-bottom:0px;\n}\n.flex_column.av-av_one_fifth-5f3168a51d5fa576b4e7522cc28bd779{\nborder-radius:0px 0px 0px 0px;\npadding:30px 30px 30px 30px;\nbackground-color:#ffffff;\n}\n<\/style>\n<div  class='flex_column av-av_one_fifth-5f3168a51d5fa576b4e7522cc28bd779 av_one_fifth  avia-builder-el-2  el_before_av_three_fifth  avia-builder-el-first  first no_margin flex_column_table_cell av-equal-height-column av-align-top  '     ><\/div>\n<style type=\"text\/css\" data-created_by=\"avia_inline_auto\" id=\"style-css-av-av_three_fifth-a456fd61927d1e2e9f32f09496263404\">\n#top .flex_column_table.av-equal-height-column-flextable.av-av_three_fifth-a456fd61927d1e2e9f32f09496263404{\nmargin-top:-60px;\nmargin-bottom:0px;\n}\n.flex_column.av-av_three_fifth-a456fd61927d1e2e9f32f09496263404{\nborder-radius:0px 0px 0px 0px;\npadding:30px 30px 30px 30px;\nbackground-color:#ffffff;\n}\n<\/style>\n<div  class='flex_column av-av_three_fifth-a456fd61927d1e2e9f32f09496263404 av_three_fifth  avia-builder-el-3  el_after_av_one_fifth  el_before_av_one_fifth  no_margin flex_column_table_cell av-equal-height-column av-align-top  '     ><p>\n<style type=\"text\/css\" data-created_by=\"avia_inline_auto\" id=\"style-css-av-av_hr-a7922bf5aef96846deefc957ae5544b6\">\n#top .hr.hr-invisible.av-av_hr-a7922bf5aef96846deefc957ae5544b6{\nheight:30px;\n}\n<\/style>\n<div  class='hr av-av_hr-a7922bf5aef96846deefc957ae5544b6 hr-invisible  avia-builder-el-4  el_before_av_heading  avia-builder-el-first  av-small-hide av-mini-hide'><span class='hr-inner '><span class=\"hr-inner-style\"><\/span><\/span><\/div><br \/>\n\n<style type=\"text\/css\" data-created_by=\"avia_inline_auto\" id=\"style-css-av-av_heading-6609f0a011d14d4b9fc3ce8c4c063dcb\">\n#top .av-special-heading.av-av_heading-6609f0a011d14d4b9fc3ce8c4c063dcb{\npadding-bottom:0;\nfont-size:20px;\n}\nbody .av-special-heading.av-av_heading-6609f0a011d14d4b9fc3ce8c4c063dcb .av-special-heading-tag .heading-char{\nfont-size:25px;\n}\n#top #wrap_all .av-special-heading.av-av_heading-6609f0a011d14d4b9fc3ce8c4c063dcb .av-special-heading-tag{\nfont-size:20px;\n}\n.av-special-heading.av-av_heading-6609f0a011d14d4b9fc3ce8c4c063dcb .av-subheading{\nfont-size:15px;\n}\n\n@media only screen and (min-width: 480px) and (max-width: 767px){ \n#top #wrap_all .av-special-heading.av-av_heading-6609f0a011d14d4b9fc3ce8c4c063dcb .av-special-heading-tag{\nfont-size:0.8em;\n}\n}\n\n@media only screen and (max-width: 479px){ \n#top #wrap_all .av-special-heading.av-av_heading-6609f0a011d14d4b9fc3ce8c4c063dcb .av-special-heading-tag{\nfont-size:0.8em;\n}\n}\n<\/style>\n<div  class='av-special-heading av-av_heading-6609f0a011d14d4b9fc3ce8c4c063dcb av-special-heading-h1 blockquote modern-quote  avia-builder-el-5  el_after_av_hr  el_before_av_textblock  av-inherit-size'><h1 class='av-special-heading-tag '  itemprop=\"headline\"  >quartierbezogen<\/h1><div class=\"special-heading-border\"><div class=\"special-heading-inner-border\"><\/div><\/div><\/div><br \/>\n<section  class='av_textblock_section av-av_textblock-2de302bf1aa3cf4c9157dbe6f50ac7eb '   itemscope=\"itemscope\" itemtype=\"https:\/\/schema.org\/CreativeWork\" ><div class='avia_textblock'  itemprop=\"text\" ><p>Vor \u00fcber 200 Jahren hat Wollishofen seine erste eigene Kirche erhalten und die Kirchen schicken den Schall ihrer Glocken immer noch t\u00e4glich \u00fcber das Quartier. In der reformierten Kirchgemeinde Z\u00fcrich sind die Wege aber l\u00e4nger geworden und immer h\u00e4ufiger fehlen die mit den lokalen Gegebenheiten vertrauten Ansprechpartner.<\/p>\n<p>Der Reformierte Kirchenverein Wollishofen will Partner sein f\u00fcr die Kirche im Quartier. Er will die Zusammenarbeit mit den Quartierorganisationen f\u00f6rdern und sie unterst\u00fctzen, ihren Anliegen bei der Kirchgemeinde Z\u00fcrich Geh\u00f6r zu verschaffen.<\/p>\n<\/div><\/section><br \/>\n<div  class='hr av-av_hr-cbbff2cf8f4b6f07615d49eb1c68deee hr-default  avia-builder-el-7  el_after_av_textblock  el_before_av_heading '><span class='hr-inner '><span class=\"hr-inner-style\"><\/span><\/span><\/div><br \/>\n\n<style type=\"text\/css\" data-created_by=\"avia_inline_auto\" id=\"style-css-av-av_heading-aa0ea4e0f20bb14e81380a2f106fe9dd\">\n#top .av-special-heading.av-av_heading-aa0ea4e0f20bb14e81380a2f106fe9dd{\npadding-bottom:0;\nfont-size:20px;\n}\nbody .av-special-heading.av-av_heading-aa0ea4e0f20bb14e81380a2f106fe9dd .av-special-heading-tag .heading-char{\nfont-size:25px;\n}\n#top #wrap_all .av-special-heading.av-av_heading-aa0ea4e0f20bb14e81380a2f106fe9dd .av-special-heading-tag{\nfont-size:20px;\n}\n.av-special-heading.av-av_heading-aa0ea4e0f20bb14e81380a2f106fe9dd .av-subheading{\nfont-size:15px;\n}\n\n@media only screen and (min-width: 480px) and (max-width: 767px){ \n#top #wrap_all .av-special-heading.av-av_heading-aa0ea4e0f20bb14e81380a2f106fe9dd .av-special-heading-tag{\nfont-size:0.8em;\n}\n}\n\n@media only screen and (max-width: 479px){ \n#top #wrap_all .av-special-heading.av-av_heading-aa0ea4e0f20bb14e81380a2f106fe9dd .av-special-heading-tag{\nfont-size:0.8em;\n}\n}\n<\/style>\n<div  class='av-special-heading av-av_heading-aa0ea4e0f20bb14e81380a2f106fe9dd av-special-heading-h1 blockquote modern-quote  avia-builder-el-8  el_after_av_hr  el_before_av_textblock  av-inherit-size'><h1 class='av-special-heading-tag '  itemprop=\"headline\"  >vernetzt<\/h1><div class=\"special-heading-border\"><div class=\"special-heading-inner-border\"><\/div><\/div><\/div><br \/>\n<section  class='av_textblock_section av-av_textblock-2de302bf1aa3cf4c9157dbe6f50ac7eb '   itemscope=\"itemscope\" itemtype=\"https:\/\/schema.org\/CreativeWork\" ><div class='avia_textblock'  itemprop=\"text\" ><p>\u00dcber unsere vielf\u00e4ltige Vernetzung wollen wir einen aktiven Beitrag zum Quartierleben und zur Vernetzung zwischen dem Quartier und der Reformierten Kirche leisten.<\/p>\n<div class=\"show_more\"><p class=\"wpsm-show\" style=\"color: #d66839; font-size: 100%; text-align: left;\"> mehr<\/p><div class=\"wpsm-content\"><\/p>\n<p>Der Reformierte Kirchenverein pflegt Kontakte zum <a href=\"https:\/\/www.wollishofen-zh.ch\/\" target=\"_blank\" rel=\"noopener noreferrer\">Quartierverein Wollishofen<\/a>, zum <a href=\"https:\/\/gz-zh.ch\/gz-wollishofen\/\" target=\"_blank\" rel=\"noopener noreferrer\">Gemeinschaftszentrum Wollishofen<\/a>, zu der <a href=\"https:\/\/www.stadt-zuerich.ch\/ssd\/de\/index\/volksschule\/schulkreise_kreisschulbehoerden\/uto.html\" target=\"_blank\" rel=\"noopener noreferrer\">Kreisschulbeh\u00f6rde<\/a>, zum <a href=\"https:\/\/altersgerechtes-wohnen-wollishofen.ch\/\" target=\"_blank\" rel=\"noopener noreferrer\">Verein Altersgerechtes Wohnen Wollishofen<\/a>, zur <a href=\"https:\/\/www.wvbll.ch\/\" target=\"_blank\" rel=\"noopener noreferrer\">Wollishofer Vereinigung Begleitung in der letzten Lebensphase<\/a>, zum <a href=\"https:\/\/www.wollishoferweihnachtsmarkt.ch\/\" target=\"_blank\" rel=\"noopener noreferrer\">Verein Wollishofer Wiehnachtsm\u00e4rt<\/a>, zur katholischen Kirchgemeinde <a href=\"https:\/\/st-franziskus.ch\" target=\"_blank\" rel=\"noopener noreferrer\">St. Franziskus<\/a> und anderen Religionsgemeinschaften sowie zu weiteren Vereinen und Organisationen im Quartier.<\/p>\n<p>Auf landeskirchlicher Seite arbeitet er eng und partnerschaftlich mit der <a href=\"https:\/\/reformiert-zuerich.ch\/\" target=\"_blank\" rel=\"noopener noreferrer\">reformierten Kirchgemeinde Z\u00fcrich<\/a> und insbesondere mit dem <a href=\"https:\/\/reformiert-zuerich.ch\/-4\/kirchenkreis-2\/aktuell~1693\/\" target=\"_blank\" rel=\"noopener noreferrer\">Kirchenkreis Z\u00fcrich 2<\/a> zusammen.<\/p>\n<p> <p class=\"wpsm-hide\" style=\"color: #d66839; font-size: 100%; text-align: left;\"> weniger<\/p><\/div><\/div>\n<\/div><\/section><br \/>\n<div  class='hr av-av_hr-cbbff2cf8f4b6f07615d49eb1c68deee hr-default  avia-builder-el-10  el_after_av_textblock  avia-builder-el-last '><span class='hr-inner '><span class=\"hr-inner-style\"><\/span><\/span><\/div><\/p><\/div>\n<style type=\"text\/css\" data-created_by=\"avia_inline_auto\" id=\"style-css-av-av_one_fifth-a456fd61927d1e2e9f32f09496263404\">\n#top .flex_column_table.av-equal-height-column-flextable.av-av_one_fifth-a456fd61927d1e2e9f32f09496263404{\nmargin-top:-60px;\nmargin-bottom:0px;\n}\n.flex_column.av-av_one_fifth-a456fd61927d1e2e9f32f09496263404{\nborder-radius:0px 0px 0px 0px;\npadding:30px 30px 30px 30px;\nbackground-color:#ffffff;\n}\n<\/style>\n<div  class='flex_column av-av_one_fifth-a456fd61927d1e2e9f32f09496263404 av_one_fifth  avia-builder-el-11  el_after_av_three_fifth  avia-builder-el-last  no_margin flex_column_table_cell av-equal-height-column av-align-top  '     ><\/div><\/div><!--close column table wrapper. Autoclose: 1 -->\n","protected":false},"excerpt":{"rendered":"","protected":false},"author":1,"featured_media":0,"parent":0,"menu_order":0,"comment_status":"closed","ping_status":"closed","template":"","meta":{"_EventAllDay":false,"_EventTimezone":"","_EventStartDate":"","_EventEndDate":"","_EventStartDateUTC":"","_EventEndDateUTC":"","_EventShowMap":false,"_EventShowMapLink":false,"_EventURL":"","_EventCost":"","_EventCostDescription":"","_EventCurrencySymbol":"","_EventCurrencyCode":"","_EventCurrencyPosition":"","_EventDateTimeSeparator":"","_EventTimeRangeSeparator":"","_EventOrganizerID":[],"_EventVenueID":[],"_OrganizerEmail":"","_OrganizerPhone":"","_OrganizerWebsite":"","_VenueAddress":"","_VenueCity":"","_VenueCountry":"","_VenueProvince":"","_VenueState":"","_VenueZip":"","_VenuePhone":"","_VenueURL":"","_VenueStateProvince":"","_VenueLat":"","_VenueLng":"","_VenueShowMap":false,"_VenueShowMapLink":false,"footnotes":""},"class_list":["post-1108","page","type-page","status-publish","hentry"],"yoast_head":"<!-- This site is optimized with the Yoast SEO plugin v27.4 - https:\/\/yoast.com\/product\/yoast-seo-wordpress\/ -->\n<title>quartierbezogen - Reformierter Kirchenverein Wollishofen<\/title>\n<meta name=\"description\" content=\"Der Reformierte Kirchenverein Wollishofen will will die Zusammenarbeit mit den Quartierorganisationen f\u00f6rdern und sie unterst\u00fctzen.\" \/>\n<meta name=\"robots\" content=\"index, follow, max-snippet:-1, max-image-preview:large, max-video-preview:-1\" \/>\n<link rel=\"canonical\" href=\"https:\/\/rkvw.ch\/site\/quartierbezogen\/\" \/>\n<meta property=\"og:locale\" content=\"de_DE\" \/>\n<meta property=\"og:type\" content=\"article\" \/>\n<meta property=\"og:title\" content=\"quartierbezogen - Reformierter Kirchenverein Wollishofen\" \/>\n<meta property=\"og:description\" content=\"Der Reformierte Kirchenverein Wollishofen will will die Zusammenarbeit mit den Quartierorganisationen f\u00f6rdern und sie unterst\u00fctzen.\" \/>\n<meta property=\"og:url\" content=\"https:\/\/rkvw.ch\/site\/quartierbezogen\/\" \/>\n<meta property=\"og:site_name\" content=\"Reformierter Kirchenverein Wollishofen\" \/>\n<meta property=\"article:modified_time\" content=\"2020-03-03T13:02:56+00:00\" \/>\n<meta name=\"twitter:card\" content=\"summary_large_image\" \/>\n<meta name=\"twitter:label1\" content=\"Gesch\u00e4tzte Lesezeit\" \/>\n\t<meta name=\"twitter:data1\" content=\"4\u00a0Minuten\" \/>\n<script type=\"application\/ld+json\" class=\"yoast-schema-graph\">{\"@context\":\"https:\\\/\\\/schema.org\",\"@graph\":[{\"@type\":\"WebPage\",\"@id\":\"https:\\\/\\\/rkvw.ch\\\/site\\\/quartierbezogen\\\/\",\"url\":\"https:\\\/\\\/rkvw.ch\\\/site\\\/quartierbezogen\\\/\",\"name\":\"quartierbezogen - Reformierter Kirchenverein Wollishofen\",\"isPartOf\":{\"@id\":\"https:\\\/\\\/rkvw.ch\\\/site\\\/#website\"},\"datePublished\":\"2019-10-21T16:04:19+00:00\",\"dateModified\":\"2020-03-03T13:02:56+00:00\",\"description\":\"Der Reformierte Kirchenverein Wollishofen will will die Zusammenarbeit mit den Quartierorganisationen f\u00f6rdern und sie unterst\u00fctzen.\",\"breadcrumb\":{\"@id\":\"https:\\\/\\\/rkvw.ch\\\/site\\\/quartierbezogen\\\/#breadcrumb\"},\"inLanguage\":\"de\",\"potentialAction\":[{\"@type\":\"ReadAction\",\"target\":[\"https:\\\/\\\/rkvw.ch\\\/site\\\/quartierbezogen\\\/\"]}]},{\"@type\":\"BreadcrumbList\",\"@id\":\"https:\\\/\\\/rkvw.ch\\\/site\\\/quartierbezogen\\\/#breadcrumb\",\"itemListElement\":[{\"@type\":\"ListItem\",\"position\":1,\"name\":\"Startseite\",\"item\":\"https:\\\/\\\/rkvw.ch\\\/site\\\/\"},{\"@type\":\"ListItem\",\"position\":2,\"name\":\"quartierbezogen\"}]},{\"@type\":\"WebSite\",\"@id\":\"https:\\\/\\\/rkvw.ch\\\/site\\\/#website\",\"url\":\"https:\\\/\\\/rkvw.ch\\\/site\\\/\",\"name\":\"Reformierter Kirchenverein Wollishofen\",\"description\":\"\",\"publisher\":{\"@id\":\"https:\\\/\\\/rkvw.ch\\\/site\\\/#organization\"},\"potentialAction\":[{\"@type\":\"SearchAction\",\"target\":{\"@type\":\"EntryPoint\",\"urlTemplate\":\"https:\\\/\\\/rkvw.ch\\\/site\\\/?s={search_term_string}\"},\"query-input\":{\"@type\":\"PropertyValueSpecification\",\"valueRequired\":true,\"valueName\":\"search_term_string\"}}],\"inLanguage\":\"de\"},{\"@type\":\"Organization\",\"@id\":\"https:\\\/\\\/rkvw.ch\\\/site\\\/#organization\",\"name\":\"Reformierter Kirchenverein Wollishofen\",\"url\":\"https:\\\/\\\/rkvw.ch\\\/site\\\/\",\"logo\":{\"@type\":\"ImageObject\",\"inLanguage\":\"de\",\"@id\":\"https:\\\/\\\/rkvw.ch\\\/site\\\/#\\\/schema\\\/logo\\\/image\\\/\",\"url\":\"https:\\\/\\\/rkvw.ch\\\/site\\\/wp-content\\\/uploads\\\/2019\\\/11\\\/logo-5.png\",\"contentUrl\":\"https:\\\/\\\/rkvw.ch\\\/site\\\/wp-content\\\/uploads\\\/2019\\\/11\\\/logo-5.png\",\"width\":898,\"height\":283,\"caption\":\"Reformierter Kirchenverein Wollishofen\"},\"image\":{\"@id\":\"https:\\\/\\\/rkvw.ch\\\/site\\\/#\\\/schema\\\/logo\\\/image\\\/\"}}]}<\/script>\n<!-- \/ Yoast SEO plugin. -->","yoast_head_json":{"title":"quartierbezogen - Reformierter Kirchenverein Wollishofen","description":"Der Reformierte Kirchenverein Wollishofen will will die Zusammenarbeit mit den Quartierorganisationen f\u00f6rdern und sie unterst\u00fctzen.","robots":{"index":"index","follow":"follow","max-snippet":"max-snippet:-1","max-image-preview":"max-image-preview:large","max-video-preview":"max-video-preview:-1"},"canonical":"https:\/\/rkvw.ch\/site\/quartierbezogen\/","og_locale":"de_DE","og_type":"article","og_title":"quartierbezogen - Reformierter Kirchenverein Wollishofen","og_description":"Der Reformierte Kirchenverein Wollishofen will will die Zusammenarbeit mit den Quartierorganisationen f\u00f6rdern und sie unterst\u00fctzen.","og_url":"https:\/\/rkvw.ch\/site\/quartierbezogen\/","og_site_name":"Reformierter Kirchenverein Wollishofen","article_modified_time":"2020-03-03T13:02:56+00:00","twitter_card":"summary_large_image","twitter_misc":{"Gesch\u00e4tzte Lesezeit":"4\u00a0Minuten"},"schema":{"@context":"https:\/\/schema.org","@graph":[{"@type":"WebPage","@id":"https:\/\/rkvw.ch\/site\/quartierbezogen\/","url":"https:\/\/rkvw.ch\/site\/quartierbezogen\/","name":"quartierbezogen - Reformierter Kirchenverein Wollishofen","isPartOf":{"@id":"https:\/\/rkvw.ch\/site\/#website"},"datePublished":"2019-10-21T16:04:19+00:00","dateModified":"2020-03-03T13:02:56+00:00","description":"Der Reformierte Kirchenverein Wollishofen will will die Zusammenarbeit mit den Quartierorganisationen f\u00f6rdern und sie unterst\u00fctzen.","breadcrumb":{"@id":"https:\/\/rkvw.ch\/site\/quartierbezogen\/#breadcrumb"},"inLanguage":"de","potentialAction":[{"@type":"ReadAction","target":["https:\/\/rkvw.ch\/site\/quartierbezogen\/"]}]},{"@type":"BreadcrumbList","@id":"https:\/\/rkvw.ch\/site\/quartierbezogen\/#breadcrumb","itemListElement":[{"@type":"ListItem","position":1,"name":"Startseite","item":"https:\/\/rkvw.ch\/site\/"},{"@type":"ListItem","position":2,"name":"quartierbezogen"}]},{"@type":"WebSite","@id":"https:\/\/rkvw.ch\/site\/#website","url":"https:\/\/rkvw.ch\/site\/","name":"Reformierter Kirchenverein Wollishofen","description":"","publisher":{"@id":"https:\/\/rkvw.ch\/site\/#organization"},"potentialAction":[{"@type":"SearchAction","target":{"@type":"EntryPoint","urlTemplate":"https:\/\/rkvw.ch\/site\/?s={search_term_string}"},"query-input":{"@type":"PropertyValueSpecification","valueRequired":true,"valueName":"search_term_string"}}],"inLanguage":"de"},{"@type":"Organization","@id":"https:\/\/rkvw.ch\/site\/#organization","name":"Reformierter Kirchenverein Wollishofen","url":"https:\/\/rkvw.ch\/site\/","logo":{"@type":"ImageObject","inLanguage":"de","@id":"https:\/\/rkvw.ch\/site\/#\/schema\/logo\/image\/","url":"https:\/\/rkvw.ch\/site\/wp-content\/uploads\/2019\/11\/logo-5.png","contentUrl":"https:\/\/rkvw.ch\/site\/wp-content\/uploads\/2019\/11\/logo-5.png","width":898,"height":283,"caption":"Reformierter Kirchenverein Wollishofen"},"image":{"@id":"https:\/\/rkvw.ch\/site\/#\/schema\/logo\/image\/"}}]}},"_links":{"self":[{"href":"https:\/\/rkvw.ch\/site\/wp-json\/wp\/v2\/pages\/1108","targetHints":{"allow":["GET"]}}],"collection":[{"href":"https:\/\/rkvw.ch\/site\/wp-json\/wp\/v2\/pages"}],"about":[{"href":"https:\/\/rkvw.ch\/site\/wp-json\/wp\/v2\/types\/page"}],"author":[{"embeddable":true,"href":"https:\/\/rkvw.ch\/site\/wp-json\/wp\/v2\/users\/1"}],"replies":[{"embeddable":true,"href":"https:\/\/rkvw.ch\/site\/wp-json\/wp\/v2\/comments?post=1108"}],"version-history":[{"count":30,"href":"https:\/\/rkvw.ch\/site\/wp-json\/wp\/v2\/pages\/1108\/revisions"}],"predecessor-version":[{"id":2239,"href":"https:\/\/rkvw.ch\/site\/wp-json\/wp\/v2\/pages\/1108\/revisions\/2239"}],"wp:attachment":[{"href":"https:\/\/rkvw.ch\/site\/wp-json\/wp\/v2\/media?parent=1108"}],"curies":[{"name":"wp","href":"https:\/\/api.w.org\/{rel}","templated":true}]}}